e o = -y + 2*y. Calculate the remainder when y is divided by v.
5
Let g = 156 + -55. Let r = 1734 - 1708. Calculate the remainder when g is divided by r.
23
Suppose 5*j - 7*j = -4*i + 722, 5*i = -2*j + 898. Calculate the remainder when i is divided by 26.
24
Suppose 3*w + 12 = 0, 4*w + 38 = 2*a - w. What is the remainder when (48/(-9))/((-15)/270) is divided by a?
6
Let u(f) = -75*f**3 - 6*f**2 - 5*f - 3. Calculate the remainder when u(-1) is divided by 12.
11
Let y be ((-15)/9)/((-4)/(-132)). Let x be (-10)/y + 1025/(-11). Let p = -66 - x. Calculate the remainder when 105 is divided by p.
24
Calculate the remainder when 4 + (-4)/(-4) + 122 + -6 is divided by 41.
39
Suppose -13*d = -5*d - 1392. Suppose -h + 3 = 5, 5*b = 2*h + d. Calculate the remainder when b is divided by 18.
16
Let r(h) = -h**3 + 8*h**2 - 5*h - 11. Let q be r(7). Suppose -2*n = -5*y - 8, -4*n + 7*y = q*y - 16. What is the remainder when 59 is divided by n?
3
Suppose -7 = -j + 1. Let u be 568/(-8) + 3*-1. Let f = u - -104. Calculate the remainder when f is divided by j.
6
Let g be (-4)/(-18) + (-33)/27. Suppose 28*s = 42*s - 280. What is the remainder when (-2)/(g + (-54)/(-57)) is divided by s?
18
What is the remainder when 104 is divided by (-14)/8*(-5 + 4 + -11)?
20
Suppose -273 = -4*z + 43. Calculate the remainder when z is divided by 8.
7
Let v be ((-1)/2)/(9/(-72)). Suppose -55 = -m - v*m. Suppose -2*s - d = d - 82, 0 = 3*s - d - 131. What is the remainder when s is divided by m?
10
Suppose 0 = -g, -14*r + 58 = -13*r + 4*g. Calculate the remainder when r is divided by 2.
0
Suppose 0*s - 15 = -s. Calculate the remainder when s is divided by (-12 + 96/(-12))*2/(-4).
5
Suppose -a = -3*r - 20, -r = -2*r - 5*a + 20. Calculate the remainder when 17 + 4 + 3*-2 is divided by 4*-5*2/r.
7
Let n be (-22)/55 + 707/5. Suppose -4*x + n - 45 = 0. Calculate the remainder when 70 is divided by x.
22
Let x(i) = -12*i - 10. Let b be x(-1). Suppose 5*q - 743 - 258 = -b*w, 0 = -q + 2*w + 205. What is the remainder when q is divided by 34?
31
Suppose 1036 = 4*i - 0*a - 3*a, 5*a - 492 = -2*i. Suppose -5*g + i = -349. What is the remainder when g is divided by 31?
28
What is the remainder when 27 is divided by (7/(-5))/(3/(-15))?
6
Suppose 6*p = -7*p + 156. Suppose 3*j = m - 3*m + 53, -3*j + 47 = 5*m. What is the remainder when j is divided by -5 + 4*30/p?
4
Let w(n) = 18*n**2 + 88*n + 87. Suppose -240 = -5*v - 3*g - 2*g, -4*g = -4*v + 200. Calculate the remainder when v is divided by w(-1).
15
Let v(r) = r**2 + 6*r - 65. Calculate the remainder when 21 is divided by v(6).
0
Let p = -111 - -125. Suppose p*s + 117 = 341. Calculate the remainder when 60 is divided by s.
12
Let a(g) = g**2 + 17*g - 22. Let z be a(-18). Suppose y = 3*s - 130, -5*s = 2*y + 2*y - 211. Calculate the remainder when s is divided by (z/6)/(2/(-33)).
10
Suppose 2*k + 207 = 3*d - 2*k, 2*k = 6. What is the remainder when d is divided by 15 + 4*(3 - (-10)/(-5))?
16
Let j = 154 + -104. Suppose -8*u + 6*u = -34. What is the remainder when j is divided by u?
16
Suppose v - 124 = -2*p, -2*v = 3*v + 5*p - 605. Let b(x) = 17*x - 461. Calculate the remainder when v is divided by b(28).
13
Suppose 3*y - 8*y = -255. Suppose y = -0*j + 3*j. What is the remainder when 2/(-7) + 226/7 is divided by j?
15
Let z = 1181 + -1146. Calculate the remainder when 68 is divided by z.
33
Suppose 25*l - 20*l + 3*g = 3100, 5*l = -g + 3110. Calculate the remainder when l is divided by 25.
23
Let l(v) = 35*v - 10. Let d be l(3). Let i = -85 + d. What is the remainder when 37 is divided by i?
7
Let t(b) = -1 + b - b**2 + 5*b**3 + 4*b**2 - 2*b. Suppose 4*x - 5*a = -12, 5*a - 3*a - 8 = 0. Calculate the remainder when t(x) is divided by 17.
15
Let h = 176 + -155. Suppose 8 = 2*t + 2*j, 3*t + 12 = 5*t + 4*j. Suppose 14 = 5*k - 2*r - 2*r, t*k = 3*r. What is the remainder when h is divided by k?
3
Suppose o - 2*m - 18 = 0, -5*o + 10 = 2*m - 20. Let d be (-198)/72 - 2/o. What is the remainder when 36 is divided by d + 0 + 13 + 0?
6
Let y = 1047 - 1033. Calculate the remainder when 290 is divided by y.
10
Let p = 26 - 46. Let f = p - -28. Let o(a) = a**3 - 7*a**2 - 6*a - 11. What is the remainder when o(f) is divided by 3?
2
Let l(n) = -12*n + 218. What is the remainder when l(13) is divided by 39?
23
Suppose 20*o - 25*o + 655 = 0. Calculate the remainder when o is divided by 45.
41
Suppose i - 34 = -2*b, 3*b - 5*i - 51 = -0*b. Let x = -8 + b. Let c = -76 - -109. What is the remainder when c is divided by x?
6
Let w(k) = k**3 + 16*k**2 + 36*k - 1. What is the remainder when 2/(-3)*(-15 - 0) is divided by w(-3)?
2
Let b = -528 + 543. Calculate the remainder when 178 is divided by b.
13
Suppose 72 = 13*l - 10*l. Let j(k) = -k**3 - 2*k**2 - 8*k + 6. Calculate the remainder when j(-4) is divided by l.
22
Calculate the remainder when 40 is divided by (-10512)/(-288) + 2/(-4).
4
Let x = 3 + -2. Let k = 3 + x. Suppose -2*z - 6 = 0, 0*r - 2*r - k*z + 2 = 0. Calculate the remainder when 11 is divided by r.
4
Let p(d) be the third derivative of -d**5/30 - 2*d**4/3 + 11*d**3/6 + 15*d**2. Calculate the remainder when 60 is divided by p(-8).
5
Suppose -3*k = -s - 13, 3*k - 3*s - 3 = 6*k. Suppose 0 = -5*v - 5*x - 5, -3*x - 20 = 2*x. What is the remainder when k is divided by v?
0
Let y(g) = g**2 - 22*g + 145. What is the remainder when 439 is divided by y(16)?
47
Suppose -121*x + 50208 = -40542. What is the remainder when x is divided by 84?
78
Let x(g) = -18*g - 7. Suppose 7*s - 11 = 2*h + 4*s, -5*s = 5. Calculate the remainder when x(h) is divided by 40.
39
Let v(a) be the third derivative of -7*a**6/60 - a**4/24 - 2*a**2. Let c = 50 - -9. What is the remainder when c is divided by v(-1)?
14
Suppose 1 - 31 = -5*x. Let c be x*(-4)/8 + 3. Suppose -9*i + 7*i + 22 = c. What is the remainder when i is divided by 5?
1
Suppose -28 = -4*a + 2*x + 2*x, 5*a - x = 43. Calculate the remainder when 233 is divided by a.
8
Let c = 1 - -5. What is the remainder when c is divided by -2 - -3 - -4 - (10 + -7)?
0
Suppose -6*q - 4*q = -50. Let l(r) = r + 18. Let u = 78 + -12. What is the remainder when u is divided by l(q)?
20
Suppose 30*m - 25*m = 65. What is the remainder when 49 is divided by m?
10
Let v(t) = 5*t**2 - 5*t - 1. Let x be v(-4). Let o = x - 24. Suppose -c + 20 - 1 = 0. What is the remainder when o is divided by c?
18
Suppose 0*b + 90 = 10*b. Suppose -x + b + 7 = 0. Calculate the remainder when 125 is divided by x.
13
Suppose 9*l = 10*l + 5*q - 42, 3*q - 12 = 0. Calculate the remainder when l is divided by (-2)/(-9) + 140/18.
6
Let k(m) = 11*m**2 - 2*m + 19. What is the remainder when k(4) is divided by 27?
25
What is the remainder when 0 - (-70)/(-7)*-3 is divided by 12?
6
Suppose -56*a = -52*a - 92. Suppose 2*g - 39 = a. Suppose 0 = 5*o - 32 - 8. What is the remainder when g is divided by o?
7
What is the remainder when 5872/48 + 2/(-6) is divided by 41?
40
Let f(j) = -j**3 - 12*j**2 + 12*j + 7. Let y be f(-13). Suppose -3*z = -y - 13. Let u = -8 - -14. Calculate the remainder when z is divided by u.
5
Suppose -5*u + 3*v + 221 = 0, -2*u + 139 = v + 55. Let q be 264/10 + 2/(-5). Let y = -11 + q. What is the remainder when u is divided by y?
13
Let j = 59 - 37. Suppose 5*b + 20 = 5*x, 2*x + 1 = 3*b + 2*b. Suppose -4*g + 170 = 5*w - x*w, w - 161 = -4*g. What is the remainder when g is divided by j?
19
Suppose -48 = -5*m + 7. What is the remainder when (-2)/(-8) + 167/4 is divided by m?
9
Let l(j) be the second derivative of 7*j**3/6 + 3*j**2/2 + 28*j. What is the remainder when 150 is divided by l(4)?
26
Calculate the remainder when 558 - ((-10)/(-4))/((-20)/40) is divided by 47.
46
Let l(c) = -c**3 + 5*c**2 + 5*c + 15. What is the remainder when l(6) is divided by ((-9)/(-6))/((-6)/(-8))?
1
Let p be ((-5)/(-4) - 3)*-4. Suppose p*w + 169 - 722 = 0. What is the remainder when w is divided by 27?
25
Suppose 0 = -42*u + 44*u - 3*a - 190, 0 = -5*a - 30. Let w(z) = 3*z**2 - 7*z + 4. What is the remainder when u is divided by w(5)?
42
Let q(f) = -7*f + 62. Calculate the remainder when q(-16) is divided by 22.
20
Let x be -7*1/(-2)*(-18)/3. Let z = 32 + x. Calculate the remainder when 51 is divided by z.
7
Let q(j) = j**3 + 5*j**2 - 10*j - 9. Let b = -36 - -178. Let n = b - 98. W